e
Suppose 2*d + h = -2*d + 4, 2*d + 5*h = 20. Suppose -2*c + d*c + 6 = 0. Suppose c*f - 2985 = -0*f. Is f composite?
True
Let u = 301 - -7380. Is u a prime number?
True
Let q(n) = 108*n - 49. Suppose 0 = -5*t + 3*g + 1 + 33, 4*t - 5*g - 35 = 0. Is q(t) composite?
False
Let x(k) = -2110*k**2 + 1. Let g be x(1). Let d = g + 3816. Is d composite?
True
Suppose 94 = v + 4*f, 2*f + 3*f = 15. Suppose a - 2*a = 2*y - 77, -a + 3*y + v = 0. Is a a prime number?
True
Suppose 46 = -0*u - 4*u + 3*m, u + 8 = -m. Let f be (0 + 168/10)*u. Let c = f - -433. Is c prime?
False
Suppose -c + 20 = 3*k, -2*c + 5*k - 9 = 6. Suppose 605 = 3*x - o, -794 = -6*x + 2*x - c*o. Is x a composite number?
True
Suppose -15*a - 70153 = -20*a - 4*b, 2*b = -a + 14033. Is a a composite number?
False
Let k(v) = v - 2*v**3 - 9*v**2 + 11*v + 6 + 4*v**3 - 3*v**3. Let c be k(-8). Let h = 365 + c. Is h a prime number?
True
Let p = 27288 - 50096. Is (-1)/(-4) - p/32 a composite number?
True
Suppose 2*l - 1934 = -3*n, 1135 = -4*n - l + 3707. Let m = -263 + n. Is m prime?
True
Let q(c) = 10 - 7*c**3 - 58*c**2 - 7 + 23*c**3 + 56*c**2. Is q(3) composite?
True
Let j(y) = y**3 + 7*y**2 + 7*y + 5. Let m be j(-4). Let b be (m - 21) + (-39)/(-1). Let z = -33 + b. Is z a prime number?
False
Let a = 22991 + -13440. Is a prime?
True
Let w(a) = -a**3 + 3*a**2 - a + 441. Let q be w(0). Suppose 0 = l + 3*y - 913, -l = -4*y + q - 1340. Is l composite?
False
Suppose 13*k - 11*k = 4. Suppose 0 = -2*p + k, -o - 2*p + 582 = 3*o. Is o prime?
False
Suppose -13*r - 80 = -18*r. Suppose -6232 = -r*h + 8*h. Is h prime?
False
Let z = -2500 + 4619. Suppose -3*i + 4253 = 4*l, 3*l - l + 3*i = z. Is l composite?
True
Let s = 66 - 61. Suppose 0 = 5*t + 5*v - 900 - 3680, -s*t - 2*v + 4589 = 0. Is t composite?
False
Is (-40)/6*1809/(-18) - -1 composite?
True
Let y be 4/(-6)*(-30)/4. Suppose 18 = 267*t - 261*t. Suppose -t*m + y*m = 814. Is m composite?
True
Is (10027/3 + (-4)/(-6))*13 a composite number?
True
Suppose 3*q - 612 = 4*w - 15, -5*w = -2*q + 398. Is q a prime number?
True
Let a = -3 + 2. Let c be (a/2)/(4/(-2280)). Let i = c + -152. Is i a prime number?
False
Let t = 23 - 56. Is 11/t + 628/6*11 composite?
False
Suppose -39933 - 286106 = -7*z. Is z a composite number?
True
Suppose -43*f + 2937 = -40*f. Is f a composite number?
True
Let m(w) = 9*w**2 + 14*w + 6. Let z be m(-16). Suppose -i - i = -z. Is i composite?
True
Let d(g) = -6*g + 1. Let r be d(1). Is (-1 + -292)/(3 + r - -1) composite?
False
Let i be (-1*38)/(3 + -1). Let h = 18 + i. Is (-8)/24*117/h a prime number?
False
Let a be 57/((3/74)/(-1)). Let m = -687 - a. Is m prime?
True
Suppose v - 3*v = 5*p + 8, -4*p = -4*v - 16. Let y(w) = -w + 7. Let b be y(5). Suppose p*z + b*z - 742 = 0. Is z composite?
True
Suppose -2*t = -6, -3*p - t + 225 + 267 = 0. Is p a composite number?
False
Let j be 1 + -3 - (-7 - -9). Is -4 + 225 + j + -3 a composite number?
True
Suppose 0 = o + 2*h + 8, 2*o - h = -3*o + 4. Suppose -y = -i - 462, -4*i + 437 = y - o*y. Is y composite?
False
Suppose -3*j = s - 4519, -3*s - 2*j - 9022 = -5*s. Is s a prime number?
True
Let m = 74 - 72. Suppose 0 = -2*g + 4, -2*g = -3*i + m*g + 1051. Is i prime?
True
Suppose 4*d = -20, -2*u - 4*d = -d - 6235. Suppose -164 - u = -11*x. Is x a composite number?
True
Suppose -17027 = -13*w + 11300. Is w a composite number?
False
Let m(x) = -1. Let u(o) = -24*o + 6. Let s(a) = -15*m(a) + u(a). Is s(-9) a composite number?
True
Suppose 2*l - 2 = -0, -4*m + 2*l - 7202 = 0. Is (m + -1 + 0)*-1 composite?
False
Suppose -8*n + 4 - 12 = 0. Is (830 - (-1 - n)) + 1 composite?
True
Suppose 0 = 2*f - 5*r - 25, -10 = 3*f - 2*f + 2*r. Suppose 5*a + f = -2*b - 31, -5*a + 5*b = 45. Let q(z) = 2*z**2 + 2*z + 5. Is q(a) a composite number?
False
Suppose -4*b + 116 = -0*b. Suppose 570 = 6*h - h. Suppose -q = b - h. Is q a prime number?
False
Let l(x) = -23*x + 1. Let z(v) = 70*v - 4. Let n(w) = 17*l(w) + 6*z(w). Let j be n(9). Suppose -4*y + u - 36 = -j, -45 = -y + 5*u. Is y prime?
False
Let t = -710 - -580. Let l be (-58)/(-3) + (-2)/(-3). Is (t/l)/(2/(-92)) prime?
False
Let o(q) be the second derivative of 21*q**5/4 + q**4/6 - q**3/6 - q. Suppose 8*l - 4*l - 4 = 0. Is o(l) a composite number?
True
Let h = -508 + 1550. Is h prime?
False
Let r(u) = 114*u. Let w be r(-1). Is (6 - w/(-24))/((-2)/(-856)) composite?
True
Let r = 17 + -13. Let q be r - -164 - (-3 + 1). Let v = -91 + q. Is v a composite number?
False
Let m = 7 - 2. Let j be 7*((-15)/21 - -1). Suppose m*t = -4*g + 513, -g + j*t = 4*t - 129. Is g a composite number?
False
Let j = 92 - 83. Is -5 - (-8000)/36 - 2/j a composite number?
True
Suppose 0 = 3*k - 8*k - 3205. Let p = 2200 + k. Is p prime?
True
Suppose -27 = -3*o - 9. Is (-2797)/(-5) - o/15 prime?
False
Let i = -27 - -24. Is -9921*4/i - -1 a composite number?
False
Let l(f) = -123*f**2 - f + 1. Let z be l(1). Let y be -1 - (0 - z - 2). Let u = y + 207. Is u composite?
True
Suppose 2*q + 21 + 5 = -3*d, 0 = -3*q + 3*d - 9. Let j be (q - 2)*2/(-6). Is 254 - j - (-1 + 1) prime?
True
Let d(y) = -y + 2. Let s be d(2). Suppose -2*r + 124 = -r + 5*n, s = 4*r + 3*n - 581. Is r prime?
True
Let l(o) = 2887*o - 16. Is l(2) a composite number?
True
Suppose w = -0*w + u - 1012, 4*u = -20. Let n = w - -3476. Suppose 3*h + 554 = n. Is h a composite number?
True
Let r(v) = 31*v**2 - 2*v + 2. Let w(q) be the second derivative of q**4/12 - 5*q**3/6 + 3*q**2/2 + 5*q. Let c be w(3). Is r(c) prime?
False
Let i = -18 + 151. Is i a composite number?
True
Suppose 4*f - 3*s = 4856, f - s - 3637 = -2*f. Let y = f - -66. Is y a prime number?
True
Let h = 35 + -37. Is 1/h*(-2624 - 2) a prime number?
False
Let w be (-1 - (-1)/2)/(6/588). Let z be 672/9 - 1/(-3). Let o = w + z. Is o a composite number?
True
Suppose -130576 = -14*d + 6750. Is d a composite number?
True
Let d(j) be the first derivative of j**3 - 3*j**2/2 + 213*j - 14. Let p(f) = 10*f**2 - 10*f + 640. Let m(i) = 7*d(i) - 2*p(i). Is m(0) a composite number?
False
Let r(d) be the second derivative of d**4/12 - d**3/2 - 13*d**2/2 - 6*d. Let s be r(6). Suppose c = s*c - 956. Is c prime?
True
Suppose 3*r - 36 - 38 = -t, 114 = t - 5*r. Is t a prime number?
True
Suppose 4*b - 603 = 1669. Let g = -77 + b. Is g a prime number?
True
Let m(a) = 273*a + 1. Let i be m(2). Suppose 0 = u + 98 - i. Is u prime?
True
Suppose 0 = 5*a + x - 144650, -2*a = -3*x + 7*x - 57878. Is a a prime number?
False
Let l be (14*3/(-36))/((-1)/6). Suppose l*c - 16*c = -7173. Is c prime?
True
Suppose -2*b - 46 = -1460. Let w be b*2*(-2)/(-4). Suppose -4*p - 4*n + 932 = 0, p - n + w = 4*p. Is p composite?
True
Let p(o) be the second derivative of 175*o**3 + 13*o**2/2 + 24*o. Is p(3) a prime number?
True
Let z = 30 - 50. Let s be 10/z + (-773)/2. Is (1/1)/((-9)/s) a prime number?
True
Suppose -3*w + 18 = 3*a, 46 = 4*a - 2*w + 10. Is 891/3 - a/2 a composite number?
False
Suppose 3*w - 838 = w - 4*h, 416 = w + 3*h. Let j = -16 + w. Is j a composite number?
False
Suppose -4*o = 4*b - 32, o = -2*o + 4*b + 3. Let h(l) = -l**3 + 6*l**2 + 5*l + 5. Let g be h(o). Let t = g - 18. Is t a prime number?
True
Is -2*14591*(-4 + (-14)/(-4)) a composite number?
False
Suppose -3*o = -w + 71, -53 = -5*w + 2*o + 302. Suppose -w*j + 72*j = 7. Is j a composite number?
False
Suppose 129 + 123 = -2*i. Let j be (-18 + 17)/(2/i). Suppose 0 = 2*b - 3*a - 254, -3*b + 318 + j = 3*a. Is b composite?
False
Suppose 102*m = 110*m - 445288. Is m a composite number?
False
Let c(w) = 105*w + 5. Suppose 5 = 3*r - 2*r. Let m be c(r). Suppose 0 = 2*u - 0*u - m. Is u prime?
False
Let r(c) = 11*c**2 + 89*c + 1. Is r(13) prime?
False
Suppose -5*w = 2 - 17. Suppose -5*r + 18019 = -3*y, y + 10821 = w*r + 4*y. Suppose -l + 6*l = r. Is l a composite number?
True
Suppose 0 = -z + 1 + 2. Suppose 2*s + 84 = 7*m - z*m, -4*m = 20. Is (s/(-10))/(8/20) a composite number?
False
Let n(u) = -4*u**3 - 9*u**2 + 6*u - 7. Let k be n(-6). Suppose k = 7*d - 0*d. Is d a composite number?
False
Let z(r) = 161*r**2 + 6*r + 10. Is z(-3) prime?
False
Let s = 152 + -97. Is s a composite number?
True
Is ((-78963)/6)/(27/(-18) - -1) a prime number?
True
Let k(a) = 15581*a + 45. Is k(2) composite?
True
Is -2*(7 - 67641/14) a prime number?
True
Suppose -23839 = -22*g + 5890